{"id":48,"date":"2020-02-10T22:47:51","date_gmt":"2020-02-11T03:47:51","guid":{"rendered":"http:\/\/zikzag.wgl-demo.net\/?page_id=48"},"modified":"2023-06-12T09:51:49","modified_gmt":"2023-06-12T13:51:49","slug":"notre-equipe","status":"publish","type":"page","link":"https:\/\/hsa-consulting.com\/?page_id=48","title":{"rendered":"Notre Equipe"},"content":{"rendered":"\t\t<div data-elementor-type=\"wp-page\" data-elementor-id=\"48\" class=\"elementor elementor-48\">\n\t\t\t\t\t\t<section class=\"elementor-section elementor-top-section elementor-element elementor-element-f2dd871 elementor-section-boxed elementor-section-height-default elementor-section-height-default\" data-id=\"f2dd871\" data-element_type=\"section\">\n\t\t\t\t\t\t<div class=\"elementor-container elementor-column-gap-default\">\n\t\t\t\t\t<div class=\"elementor-column elementor-col-100 elementor-top-column elementor-element elementor-element-0a5ed1f\" data-id=\"0a5ed1f\" data-element_type=\"column\">\n\t\t\t<div class=\"elementor-widget-wrap\">\n\t\t\t\t\t\t\t<\/div>\n\t\t<\/div>\n\t\t\t\t\t<\/div>\n\t\t<\/section>\n\t\t\t\t<section class=\"elementor-section elementor-top-section elementor-element elementor-element-d8ac25f elementor-section-boxed elementor-section-height-default elementor-section-height-default\" data-id=\"d8ac25f\" data-element_type=\"section\">\n\t\t\t\t\t\t<div class=\"elementor-container elementor-column-gap-default\">\n\t\t\t\t\t<div class=\"elementor-column elementor-col-100 elementor-top-column elementor-element elementor-element-9776d8f\" data-id=\"9776d8f\" data-element_type=\"column\">\n\t\t\t<div class=\"elementor-widget-wrap elementor-element-populated\">\n\t\t\t\t\t\t<div class=\"elementor-element elementor-element-86f70fb elementor-widget elementor-widget-heading\" data-id=\"86f70fb\" data-element_type=\"widget\" data-widget_type=\"heading.default\">\n\t\t\t\t<div class=\"elementor-widget-container\">\n\t\t\t<style>\/*! elementor - v3.20.0 - 26-03-2024 *\/\n.elementor-heading-title{padding:0;margin:0;line-height:1}.elementor-widget-heading .elementor-heading-title[class*=elementor-size-]>a{color:inherit;font-size:inherit;line-height:inherit}.elementor-widget-heading .elementor-heading-title.elementor-size-small{font-size:15px}.elementor-widget-heading .elementor-heading-title.elementor-size-medium{font-size:19px}.elementor-widget-heading .elementor-heading-title.elementor-size-large{font-size:29px}.elementor-widget-heading .elementor-heading-title.elementor-size-xl{font-size:39px}.elementor-widget-heading .elementor-heading-title.elementor-size-xxl{font-size:59px}<\/style><h2 class=\"elementor-heading-title elementor-size-default\">Rencontrez-Nous !\n<\/h2>\t\t<\/div>\n\t\t\t\t<\/div>\n\t\t\t\t<div class=\"elementor-element elementor-element-407d755 elementor-widget elementor-widget-text-editor\" data-id=\"407d755\" data-element_type=\"widget\" data-widget_type=\"text-editor.default\">\n\t\t\t\t<div class=\"elementor-widget-container\">\n\t\t\t<style>\/*! elementor - v3.20.0 - 26-03-2024 *\/\n.elementor-widget-text-editor.elementor-drop-cap-view-stacked .elementor-drop-cap{background-color:#69727d;color:#fff}.elementor-widget-text-editor.elementor-drop-cap-view-framed .elementor-drop-cap{color:#69727d;border:3px solid;background-color:transparent}.elementor-widget-text-editor:not(.elementor-drop-cap-view-default) .elementor-drop-cap{margin-top:8px}.elementor-widget-text-editor:not(.elementor-drop-cap-view-default) .elementor-drop-cap-letter{width:1em;height:1em}.elementor-widget-text-editor .elementor-drop-cap{float:left;text-align:center;line-height:1;font-size:50px}.elementor-widget-text-editor .elementor-drop-cap-letter{display:inline-block}<\/style>\t\t\t\tAfin de vous apporter une enti\u00e8re satisfaction, vous, nos clients et partenaires, nous mettons \u00e0 votre disposition une \u00e9quipe de Consultants \u00e0 Comp\u00e9tences Diversifi\u00e9es et Multisectorielle.<br>\nUne \u00e9quipe de consultants multi-talents hautement qualifi\u00e9e et disposant, d\u2019un esprit d\u2019innovation et de synth\u00e8se et des comp\u00e9tences en communication, management et leadership.<br>\nUne \u00e9quipe, Certifi\u00e9e, TSPM et PMP, Dipl\u00f4m\u00e9e en Management ERP, en Gestion des Risques et en Marketing digital, Soft Skills, docteur en m\u00e9decine, sp\u00e9cialiste en technologie Fin Tech\u2026 <br> \nUne \u00e9quipe disposant d\u2019une bonne exp\u00e9rience dans l\u2019Enseignement, l\u2019Animation et la Formation dans diff\u00e9rents secteurs.\n\t\t\t\t\t\t<\/div>\n\t\t\t\t<\/div>\n\t\t\t\t<div class=\"elementor-element elementor-element-4ec46c0 elementor-widget elementor-widget-spacer\" data-id=\"4ec46c0\" data-element_type=\"widget\" data-widget_type=\"spacer.default\">\n\t\t\t\t<div class=\"elementor-widget-container\">\n\t\t\t<style>\/*! elementor - v3.20.0 - 26-03-2024 *\/\n.elementor-column .elementor-spacer-inner{height:var(--spacer-size)}.e-con{--container-widget-width:100%}.e-con-inner>.elementor-widget-spacer,.e-con>.elementor-widget-spacer{width:var(--container-widget-width,var(--spacer-size));--align-self:var(--container-widget-align-self,initial);--flex-shrink:0}.e-con-inner>.elementor-widget-spacer>.elementor-widget-container,.e-con>.elementor-widget-spacer>.elementor-widget-container{height:100%;width:100%}.e-con-inner>.elementor-widget-spacer>.elementor-widget-container>.elementor-spacer,.e-con>.elementor-widget-spacer>.elementor-widget-container>.elementor-spacer{height:100%}.e-con-inner>.elementor-widget-spacer>.elementor-widget-container>.elementor-spacer>.elementor-spacer-inner,.e-con>.elementor-widget-spacer>.elementor-widget-container>.elementor-spacer>.elementor-spacer-inner{height:var(--container-widget-height,var(--spacer-size))}.e-con-inner>.elementor-widget-spacer.elementor-widget-empty,.e-con>.elementor-widget-spacer.elementor-widget-empty{position:relative;min-height:22px;min-width:22px}.e-con-inner>.elementor-widget-spacer.elementor-widget-empty .elementor-widget-empty-icon,.e-con>.elementor-widget-spacer.elementor-widget-empty .elementor-widget-empty-icon{position:absolute;top:0;bottom:0;left:0;right:0;margin:auto;padding:0;width:22px;height:22px}<\/style>\t\t<div class=\"elementor-spacer\">\n\t\t\t<div class=\"elementor-spacer-inner\"><\/div>\n\t\t<\/div>\n\t\t\t\t<\/div>\n\t\t\t\t<\/div>\n\t\t\t\t\t<\/div>\n\t\t<\/div>\n\t\t\t\t\t<\/div>\n\t\t<\/section>\n\t\t\t\t<section class=\"elementor-section elementor-top-section elementor-element elementor-element-2e2fa3b elementor-section-boxed elementor-section-height-default elementor-section-height-default\" data-id=\"2e2fa3b\" data-element_type=\"section\">\n\t\t\t\t\t\t<div class=\"elementor-container elementor-column-gap-default\">\n\t\t\t\t\t<div class=\"elementor-column elementor-col-100 elementor-top-column elementor-element elementor-element-a649527\" data-id=\"a649527\" data-element_type=\"column\">\n\t\t\t<div class=\"elementor-widget-wrap elementor-element-populated\">\n\t\t\t\t\t\t<div class=\"elementor-element elementor-element-c9c0464 elementor-widget elementor-widget-wgl-testimonials\" data-id=\"c9c0464\" data-element_type=\"widget\" data-widget_type=\"wgl-testimonials.default\">\n\t\t\t\t<div class=\"elementor-widget-container\">\n\t\t\t<div  class=\"wgl-testimonials type-inline_top acenter\"><div class=\"wgl-carousel_wrapper\"><div id=zikzag_carousel_69e210de30ae4 class=\"wgl-carousel\"><div class=\"wgl-carousel_slick\" data-slick='{\"slidesToShow\":1,\"slidesToScroll\":1,\"infinite\":true,\"variableWidth\":false,\"autoplay\":false,\"autoplaySpeed\":\"\",\"speed\":300,\"arrows\":false,\"dots\":false,\"adaptiveHeight\":false,\"responsive\":[{\"breakpoint\":0,\"settings\":{\"slidesToShow\":1,\"slidesToScroll\":1}},{\"breakpoint\":0,\"settings\":{\"slidesToShow\":1,\"slidesToScroll\":1}},{\"breakpoint\":0,\"settings\":{\"slidesToShow\":1,\"slidesToScroll\":1}}]}'><div class=\"wgl-testimonials-item_wrap\"><div class=\"wgl-testimonials_item\"><div class=\"content_wrap\"><div class=\"meta_wrap\"><div class=\"wgl-testimonials_image\"><img decoding=\"async\" src=\"http:\/\/hsa-consulting.com\/wp-content\/uploads\/2023\/03\/Photo-Hab-Ammous-212x212.jpg\" alt=\"Habiba Souissi Ammous photo\"  style=\"width: 106px;\"><\/div><div class=\"name_wrap\"><h3 class=\"wgl-testimonials_name\">Habiba Souissi Ammous<\/h3><span class=\"wgl-testimonials_position\">G\u00c9RANTE<\/span><\/div><\/div><div class=\"wgl-testimonials_quote\"><p>\u201cDynamique, tr\u00e8s d\u00e9termin\u00e9e \u00e0 relever tous les d\u00e9fis et ayant comme principaux atouts, l\u2019\u00e9coute le s\u00e9rieux, la motivation, l\u2019analyse et la synth\u00e8se.\u201d<\/p><\/div><\/div><\/div><\/div><\/div><\/div><\/div><\/div>\t\t<\/div>\n\t\t\t\t<\/div>\n\t\t\t\t\t<\/div>\n\t\t<\/div>\n\t\t\t\t\t<\/div>\n\t\t<\/section>\n\t\t\t\t<section class=\"elementor-section elementor-top-section elementor-element elementor-element-4a62760 elementor-section-boxed elementor-section-height-default elementor-section-height-default\" data-id=\"4a62760\" data-element_type=\"section\">\n\t\t\t\t\t\t<div class=\"elementor-container elementor-column-gap-default\">\n\t\t\t\t\t<div class=\"elementor-column elementor-col-100 elementor-top-column elementor-element elementor-element-40e2b34\" data-id=\"40e2b34\" data-element_type=\"column\">\n\t\t\t<div class=\"elementor-widget-wrap elementor-element-populated\">\n\t\t\t\t\t\t<div class=\"elementor-element elementor-element-b2a2c37 elementor-widget elementor-widget-spacer\" data-id=\"b2a2c37\" data-element_type=\"widget\" data-widget_type=\"spacer.default\">\n\t\t\t\t<div class=\"elementor-widget-container\">\n\t\t\t\t\t<div class=\"elementor-spacer\">\n\t\t\t<div class=\"elementor-spacer-inner\"><\/div>\n\t\t<\/div>\n\t\t\t\t<\/div>\n\t\t\t\t<\/div>\n\t\t\t\t\t<\/div>\n\t\t<\/div>\n\t\t\t\t\t<\/div>\n\t\t<\/section>\n\t\t\t\t<section class=\"elementor-section elementor-top-section elementor-element elementor-element-dc325da elementor-section-boxed elementor-section-height-default elementor-section-height-default\" data-id=\"dc325da\" data-element_type=\"section\">\n\t\t\t\t\t\t<div class=\"elementor-container elementor-column-gap-default\">\n\t\t\t\t\t<div class=\"elementor-column elementor-col-50 elementor-top-column elementor-element elementor-element-7d3ce6e\" data-id=\"7d3ce6e\" data-element_type=\"column\">\n\t\t\t<div class=\"elementor-widget-wrap elementor-element-populated\">\n\t\t\t\t\t\t<div class=\"elementor-element elementor-element-2d85390 elementor-widget elementor-widget-text-editor\" data-id=\"2d85390\" data-element_type=\"widget\" data-widget_type=\"text-editor.default\">\n\t\t\t\t<div class=\"elementor-widget-container\">\n\t\t\t\t\t\t\t<p><strong>Habiba SOUISSI AMMOUS\u00a0<\/strong>dispose des comp\u00e9tences dans les domaines :<\/p>\n<ul>\n<li>Management, Leadership et Coaching<\/li>\n<li>Soft Skills<\/li>\n<li>Techniques de Communication et d\u2019accueil.<\/li>\n<li>Fondamentaux de la Gestion des Ressources Humaines et Syst\u00e8me d\u2019Information RH<\/li>\n<li>Marketing<\/li>\n<li>Contr\u00f4le et gestion des risques<\/li>\n<li>Organisation et proc\u00e9dures, Etudes, Conduite et Suivi des Projets.<\/li>\n<li>Management des Syst\u00e8mes d\u2019Informations et des ERP<\/li>\n<li>Gestion des moyens de paiements \u00e9lectroniques et du transfert International d\u2019argent.<\/li>\n<li>Etudes, prospection de march\u00e9 et missions de consulting<\/li>\n<li>Animation d\u2019Actions de Formation<\/li>\n<li>Enseignement Sup\u00e9rieur<\/li>\n<\/ul>\t\t\t\t\t\t<\/div>\n\t\t\t\t<\/div>\n\t\t\t\t\t<\/div>\n\t\t<\/div>\n\t\t\t\t<div class=\"elementor-column elementor-col-50 elementor-top-column elementor-element elementor-element-08fb24b\" data-id=\"08fb24b\" data-element_type=\"column\">\n\t\t\t<div class=\"elementor-widget-wrap elementor-element-populated\">\n\t\t\t\t\t\t<div class=\"elementor-element elementor-element-d484ab2 aleft has-font elementor-widget-icon-box wgl-icon-box elementor-view-default btn_position-right elementor-widget elementor-widget-wgl-info-box\" data-id=\"d484ab2\" data-element_type=\"widget\" data-widget_type=\"wgl-info-box.default\">\n\t\t\t\t<div class=\"elementor-widget-container\">\n\t\t\t<div class=\"wgl-infobox  wgl-layout-left\"><div class=\"media-wrapper icon-wrapper\"><span class=\"wgl-icon\" ><i class=\"icon elementor-icon flaticon flaticon-email\" aria-hidden=\"true\"><\/i><\/span><\/div><div class=\"wgl-infobox_wrapper\"><div class=\"wgl-infobox-title_wrapper\"><\/div><div class=\"content_wrapper\"><div class=\"wgl-infobox_content\"><br><p style=\"font-weight: 800; color: #222222; margin-bottom: 0px;\">Email :<\/p>\nhsa@hsa-consulting.com<\/div><\/div><div class=\"wgl-infobox-button_wrapper\"><a  class=\"wgl-infobox_button button-read-more \"><i aria-hidden=\"true\" class=\"flaticon flaticon-next-bottom\"><\/i><\/a><\/div><\/div><\/div>\t\t<\/div>\n\t\t\t\t<\/div>\n\t\t\t\t<div class=\"elementor-element elementor-element-797f207 aleft has-font elementor-widget-icon-box wgl-icon-box elementor-view-default btn_position-right elementor-widget elementor-widget-wgl-info-box\" data-id=\"797f207\" data-element_type=\"widget\" data-widget_type=\"wgl-info-box.default\">\n\t\t\t\t<div class=\"elementor-widget-container\">\n\t\t\t<div class=\"wgl-infobox  wgl-layout-left\"><div class=\"media-wrapper icon-wrapper\"><span class=\"wgl-icon\" ><i class=\"icon elementor-icon fas fa-phone-volume\" aria-hidden=\"true\"><\/i><\/span><\/div><div class=\"wgl-infobox_wrapper\"><div class=\"wgl-infobox-title_wrapper\"><\/div><div class=\"content_wrapper\"><div class=\"wgl-infobox_content\">&nbsp;\n<p style=\"font-weight: 800; color: #222222; margin-bottom: 0px;\">T\u00e9l\u00e9phone :<\/p>\n+216 93 908 776<\/div><\/div><div class=\"wgl-infobox-button_wrapper\"><a  class=\"wgl-infobox_button button-read-more \"><i aria-hidden=\"true\" class=\"flaticon flaticon-next-bottom\"><\/i><\/a><\/div><\/div><\/div>\t\t<\/div>\n\t\t\t\t<\/div>\n\t\t\t\t<div class=\"elementor-element elementor-element-3d4744b elementor-shape-rounded elementor-widget elementor-widget-wgl-social-icons\" data-id=\"3d4744b\" data-element_type=\"widget\" data-widget_type=\"wgl-social-icons.default\">\n\t\t\t\t<div class=\"elementor-widget-container\">\n\t\t\t\t\t<div class=\"wgl-social-icons elementor-social-icons-wrapper\">\r\n\t\t\t\t\t\t\t<a class=\"elementor-icon elementor-social-icon elementor-social-icon-linkedin elementor-repeater-item-f87941b\" href=\"https:\/\/www.linkedin.com\/in\/habiba-ammous-souissi-\/\" target=\"_blank\" title=\"LinkedIn\">\r\n\t\t\t\t\t<span class=\"elementor-screen-only\">Linkedin<\/span>\r\n\t\t\t\t\t<i class=\"fab fa-linkedin\"><\/i>\t\t\t\t<\/a>\r\n\t\t\t\t\t<\/div>\r\n\t\t\t\t<\/div>\n\t\t\t\t<\/div>\n\t\t\t\t\t<\/div>\n\t\t<\/div>\n\t\t\t\t\t<\/div>\n\t\t<\/section>\n\t\t\t\t<section class=\"elementor-section elementor-top-section elementor-element elementor-element-b8099fc elementor-section-boxed elementor-section-height-default elementor-section-height-default\" data-id=\"b8099fc\" data-element_type=\"section\">\n\t\t\t\t\t\t<div class=\"elementor-container elementor-column-gap-default\">\n\t\t\t\t\t<div class=\"elementor-column elementor-col-100 elementor-top-column elementor-element elementor-element-df586ad\" data-id=\"df586ad\" data-element_type=\"column\">\n\t\t\t<div class=\"elementor-widget-wrap elementor-element-populated\">\n\t\t\t\t\t\t<div class=\"elementor-element elementor-element-70ecdb9 elementor-widget elementor-widget-spacer\" data-id=\"70ecdb9\" data-element_type=\"widget\" data-widget_type=\"spacer.default\">\n\t\t\t\t<div class=\"elementor-widget-container\">\n\t\t\t\t\t<div class=\"elementor-spacer\">\n\t\t\t<div class=\"elementor-spacer-inner\"><\/div>\n\t\t<\/div>\n\t\t\t\t<\/div>\n\t\t\t\t<\/div>\n\t\t\t\t\t<\/div>\n\t\t<\/div>\n\t\t\t\t\t<\/div>\n\t\t<\/section>\n\t\t\t\t<\/div>\n\t\t","protected":false},"excerpt":{"rendered":"<p>Rencontrez-Nous ! Afin de vous apporter une enti\u00e8re satisfaction, vous, nos clients et partenaires, nous mettons \u00e0 votre disposition une \u00e9quipe de Consultants \u00e0 Comp\u00e9tences Diversifi\u00e9es et Multisectorielle. Une \u00e9quipe de consultants multi-talents hautement qualifi\u00e9e et disposant, d\u2019un esprit d\u2019innovation et de synth\u00e8se et des comp\u00e9tences en communication, management et leadership. Une \u00e9quipe, Certifi\u00e9e, TSPM [&hellip;]<\/p>\n","protected":false},"author":1,"featured_media":0,"parent":0,"menu_order":0,"comment_status":"closed","ping_status":"closed","template":"","meta":{"_vp_format_video_url":"","_vp_image_focal_point":[],"footnotes":""},"class_list":["post-48","page","type-page","status-publish","hentry"],"_links":{"self":[{"href":"https:\/\/hsa-consulting.com\/index.php?rest_route=\/wp\/v2\/pages\/48","targetHints":{"allow":["GET"]}}],"collection":[{"href":"https:\/\/hsa-consulting.com\/index.php?rest_route=\/wp\/v2\/pages"}],"about":[{"href":"https:\/\/hsa-consulting.com\/index.php?rest_route=\/wp\/v2\/types\/page"}],"author":[{"embeddable":true,"href":"https:\/\/hsa-consulting.com\/index.php?rest_route=\/wp\/v2\/users\/1"}],"replies":[{"embeddable":true,"href":"https:\/\/hsa-consulting.com\/index.php?rest_route=%2Fwp%2Fv2%2Fcomments&post=48"}],"version-history":[{"count":37,"href":"https:\/\/hsa-consulting.com\/index.php?rest_route=\/wp\/v2\/pages\/48\/revisions"}],"predecessor-version":[{"id":4799,"href":"https:\/\/hsa-consulting.com\/index.php?rest_route=\/wp\/v2\/pages\/48\/revisions\/4799"}],"wp:attachment":[{"href":"https:\/\/hsa-consulting.com\/index.php?rest_route=%2Fwp%2Fv2%2Fmedia&parent=48"}],"curies":[{"name":"wp","href":"https:\/\/api.w.org\/{rel}","templated":true}]}}